{"id":13,"date":"2026-01-03T19:14:58","date_gmt":"2026-01-03T19:14:58","guid":{"rendered":"https:\/\/www.mikoflower.com\/?page_id=13"},"modified":"2026-01-04T19:23:27","modified_gmt":"2026-01-04T19:23:27","slug":"kwiaty","status":"publish","type":"page","link":"https:\/\/www.mikoflower.com\/index.php\/kwiaty\/","title":{"rendered":"Kwiaty"},"content":{"rendered":"\n<blockquote class=\"wp-block-quote is-layout-flow wp-block-quote-is-layout-flow\"><\/blockquote>\n\n\n\n<blockquote class=\"wp-block-quote is-layout-flow wp-block-quote-is-layout-flow\">\n<p>Tworzymy bukiety i kompozycje kwiatowe na ka\u017cd\u0105 okazj\u0119 \u2013 od codziennych gest\u00f3w po najwa\u017cniejsze chwile w \u017cyciu. Ka\u017cde zam\u00f3wienie przygotowujemy z dba\u0142o\u015bci\u0105 o detale i \u015bwie\u017co\u015b\u0107 kwiat\u00f3w.<\/p>\n<\/blockquote>\n\n\n\n<h2 class=\"wp-block-heading\">Bukiety kwiatowe<\/h2>\n\n\n\n<p>Nasze bukiety powstaj\u0105 z sezonowych, starannie dobranych kwiat\u00f3w. Tworzymy zar\u00f3wno klasyczne kompozycje, jak i nowoczesne aran\u017cacje dopasowane do okazji i bud\u017cetu.<\/p>\n\n\n\n<ul class=\"wp-block-list\">\n<li>bukiety okoliczno\u015bciowe <\/li>\n\n\n\n<li>bukiety na co dzie\u0144<\/li>\n\n\n\n<li>bukiety na zam\u00f3wienie<\/li>\n<\/ul>\n\n\n\n<h2 class=\"wp-block-heading\">Kwiaty doniczkowe<\/h2>\n\n\n\n<ul class=\"wp-block-list\">\n<li>kwiaty doniczkowe<\/li>\n\n\n\n<li>lasy w s\u0142ojach<\/li>\n<\/ul>\n\n\n\n<h2 class=\"wp-block-heading\">Kompozycje okazjonalne<\/h2>\n\n\n\n<p>Przygotowujemy kwiatowe kompozycje na urodziny, rocznice, \u015bluby, komunie, chrzciny oraz inne wyj\u0105tkowe okazje. Ka\u017cda aran\u017cacja tworzona jest indywidualnie, zgodnie z charakterem wydarzenia.<\/p>\n\n\n\n<ul class=\"wp-block-list\">\n<li>wie\u0144ce pogrzebowe <\/li>\n\n\n\n<li>flowerboxy\n<ul class=\"wp-block-list\">\n<li>kompozycje sztuczne<\/li>\n<\/ul>\n<\/li>\n<\/ul>\n\n\n\n<p><\/p>\n\n\n\n<p><\/p>\n\n\n\n<div class=\"wp-block-group is-vertical is-layout-flex wp-container-core-group-is-layout-fe9cc265 wp-block-group-is-layout-flex\">\n<figure class=\"wp-block-gallery has-nested-images columns-default is-cropped wp-block-gallery-1 is-layout-flex wp-block-gallery-is-layout-flex\">\n<figure class=\"wp-block-image size-large\"><img loading=\"lazy\" decoding=\"async\" width=\"768\" height=\"1024\" data-id=\"104\" src=\"https:\/\/www.mikoflower.com\/wp-content\/uploads\/2026\/01\/WhatsApp-Image-2025-11-09-at-12.13.57-768x1024.jpeg\" alt=\"\" class=\"wp-image-104\" srcset=\"https:\/\/www.mikoflower.com\/wp-content\/uploads\/2026\/01\/WhatsApp-Image-2025-11-09-at-12.13.57-768x1024.jpeg 768w, https:\/\/www.mikoflower.com\/wp-content\/uploads\/2026\/01\/WhatsApp-Image-2025-11-09-at-12.13.57-416x555.jpeg 416w, https:\/\/www.mikoflower.com\/wp-content\/uploads\/2026\/01\/WhatsApp-Image-2025-11-09-at-12.13.57-225x300.jpeg 225w, https:\/\/www.mikoflower.com\/wp-content\/uploads\/2026\/01\/WhatsApp-Image-2025-11-09-at-12.13.57-1152x1536.jpeg 1152w, https:\/\/www.mikoflower.com\/wp-content\/uploads\/2026\/01\/WhatsApp-Image-2025-11-09-at-12.13.57.jpeg 1200w\" sizes=\"auto, (max-width: 768px) 100vw, 768px\" \/><\/figure>\n\n\n\n<figure class=\"wp-block-image size-large\"><img loading=\"lazy\" decoding=\"async\" width=\"768\" height=\"1024\" data-id=\"103\" src=\"https:\/\/www.mikoflower.com\/wp-content\/uploads\/2026\/01\/WhatsApp-Image-2025-11-09-at-12.13.55-2-768x1024.jpeg\" alt=\"\" class=\"wp-image-103\" srcset=\"https:\/\/www.mikoflower.com\/wp-content\/uploads\/2026\/01\/WhatsApp-Image-2025-11-09-at-12.13.55-2-768x1024.jpeg 768w, https:\/\/www.mikoflower.com\/wp-content\/uploads\/2026\/01\/WhatsApp-Image-2025-11-09-at-12.13.55-2-416x555.jpeg 416w, https:\/\/www.mikoflower.com\/wp-content\/uploads\/2026\/01\/WhatsApp-Image-2025-11-09-at-12.13.55-2-225x300.jpeg 225w, https:\/\/www.mikoflower.com\/wp-content\/uploads\/2026\/01\/WhatsApp-Image-2025-11-09-at-12.13.55-2-1152x1536.jpeg 1152w, https:\/\/www.mikoflower.com\/wp-content\/uploads\/2026\/01\/WhatsApp-Image-2025-11-09-at-12.13.55-2.jpeg 1200w\" sizes=\"auto, (max-width: 768px) 100vw, 768px\" \/><\/figure>\n\n\n\n<figure class=\"wp-block-image size-large\"><img loading=\"lazy\" decoding=\"async\" width=\"768\" height=\"1024\" data-id=\"102\" src=\"https:\/\/www.mikoflower.com\/wp-content\/uploads\/2026\/01\/WhatsApp-Image-2025-11-09-at-12.13.55-1-768x1024.jpeg\" alt=\"\" class=\"wp-image-102\" srcset=\"https:\/\/www.mikoflower.com\/wp-content\/uploads\/2026\/01\/WhatsApp-Image-2025-11-09-at-12.13.55-1-768x1024.jpeg 768w, https:\/\/www.mikoflower.com\/wp-content\/uploads\/2026\/01\/WhatsApp-Image-2025-11-09-at-12.13.55-1-416x555.jpeg 416w, https:\/\/www.mikoflower.com\/wp-content\/uploads\/2026\/01\/WhatsApp-Image-2025-11-09-at-12.13.55-1-225x300.jpeg 225w, https:\/\/www.mikoflower.com\/wp-content\/uploads\/2026\/01\/WhatsApp-Image-2025-11-09-at-12.13.55-1-1152x1536.jpeg 1152w, https:\/\/www.mikoflower.com\/wp-content\/uploads\/2026\/01\/WhatsApp-Image-2025-11-09-at-12.13.55-1.jpeg 1200w\" sizes=\"auto, (max-width: 768px) 100vw, 768px\" \/><\/figure>\n\n\n\n<figure class=\"wp-block-image size-large\"><img loading=\"lazy\" decoding=\"async\" width=\"682\" height=\"1024\" data-id=\"100\" src=\"https:\/\/www.mikoflower.com\/wp-content\/uploads\/2026\/01\/IMG-20251113-WA0409-edited-682x1024.jpg\" alt=\"\" class=\"wp-image-100\" srcset=\"https:\/\/www.mikoflower.com\/wp-content\/uploads\/2026\/01\/IMG-20251113-WA0409-edited-682x1024.jpg 682w, https:\/\/www.mikoflower.com\/wp-content\/uploads\/2026\/01\/IMG-20251113-WA0409-edited-416x625.jpg 416w, https:\/\/www.mikoflower.com\/wp-content\/uploads\/2026\/01\/IMG-20251113-WA0409-edited-200x300.jpg 200w, https:\/\/www.mikoflower.com\/wp-content\/uploads\/2026\/01\/IMG-20251113-WA0409-edited-768x1154.jpg 768w, https:\/\/www.mikoflower.com\/wp-content\/uploads\/2026\/01\/IMG-20251113-WA0409-edited-1022x1536.jpg 1022w, https:\/\/www.mikoflower.com\/wp-content\/uploads\/2026\/01\/IMG-20251113-WA0409-edited.jpg 1363w\" sizes=\"auto, (max-width: 682px) 100vw, 682px\" \/><\/figure>\n\n\n\n<figure class=\"wp-block-image size-large\"><img loading=\"lazy\" decoding=\"async\" width=\"768\" height=\"1024\" data-id=\"97\" src=\"https:\/\/www.mikoflower.com\/wp-content\/uploads\/2026\/01\/WhatsApp-Image-2025-11-09-at-12.14.00-768x1024.jpeg\" alt=\"\" class=\"wp-image-97\" srcset=\"https:\/\/www.mikoflower.com\/wp-content\/uploads\/2026\/01\/WhatsApp-Image-2025-11-09-at-12.14.00-768x1024.jpeg 768w, https:\/\/www.mikoflower.com\/wp-content\/uploads\/2026\/01\/WhatsApp-Image-2025-11-09-at-12.14.00-416x555.jpeg 416w, https:\/\/www.mikoflower.com\/wp-content\/uploads\/2026\/01\/WhatsApp-Image-2025-11-09-at-12.14.00-225x300.jpeg 225w, https:\/\/www.mikoflower.com\/wp-content\/uploads\/2026\/01\/WhatsApp-Image-2025-11-09-at-12.14.00-1152x1536.jpeg 1152w, https:\/\/www.mikoflower.com\/wp-content\/uploads\/2026\/01\/WhatsApp-Image-2025-11-09-at-12.14.00.jpeg 1200w\" sizes=\"auto, (max-width: 768px) 100vw, 768px\" \/><\/figure>\n\n\n\n<figure class=\"wp-block-image size-large\"><img loading=\"lazy\" decoding=\"async\" width=\"768\" height=\"1024\" data-id=\"95\" src=\"https:\/\/www.mikoflower.com\/wp-content\/uploads\/2026\/01\/WhatsApp-Image-2025-11-09-at-12.14.00-2-768x1024.jpeg\" alt=\"\" class=\"wp-image-95\" srcset=\"https:\/\/www.mikoflower.com\/wp-content\/uploads\/2026\/01\/WhatsApp-Image-2025-11-09-at-12.14.00-2-768x1024.jpeg 768w, https:\/\/www.mikoflower.com\/wp-content\/uploads\/2026\/01\/WhatsApp-Image-2025-11-09-at-12.14.00-2-416x555.jpeg 416w, https:\/\/www.mikoflower.com\/wp-content\/uploads\/2026\/01\/WhatsApp-Image-2025-11-09-at-12.14.00-2-225x300.jpeg 225w, https:\/\/www.mikoflower.com\/wp-content\/uploads\/2026\/01\/WhatsApp-Image-2025-11-09-at-12.14.00-2-1152x1536.jpeg 1152w, https:\/\/www.mikoflower.com\/wp-content\/uploads\/2026\/01\/WhatsApp-Image-2025-11-09-at-12.14.00-2.jpeg 1200w\" sizes=\"auto, (max-width: 768px) 100vw, 768px\" \/><\/figure>\n\n\n\n<figure class=\"wp-block-image size-large\"><img loading=\"lazy\" decoding=\"async\" width=\"768\" height=\"1024\" data-id=\"94\" src=\"https:\/\/www.mikoflower.com\/wp-content\/uploads\/2026\/01\/WhatsApp-Image-2025-11-09-at-12.14.00-1-768x1024.jpeg\" alt=\"\" class=\"wp-image-94\" srcset=\"https:\/\/www.mikoflower.com\/wp-content\/uploads\/2026\/01\/WhatsApp-Image-2025-11-09-at-12.14.00-1-768x1024.jpeg 768w, https:\/\/www.mikoflower.com\/wp-content\/uploads\/2026\/01\/WhatsApp-Image-2025-11-09-at-12.14.00-1-416x555.jpeg 416w, https:\/\/www.mikoflower.com\/wp-content\/uploads\/2026\/01\/WhatsApp-Image-2025-11-09-at-12.14.00-1-225x300.jpeg 225w, https:\/\/www.mikoflower.com\/wp-content\/uploads\/2026\/01\/WhatsApp-Image-2025-11-09-at-12.14.00-1-1152x1536.jpeg 1152w, https:\/\/www.mikoflower.com\/wp-content\/uploads\/2026\/01\/WhatsApp-Image-2025-11-09-at-12.14.00-1.jpeg 1200w\" sizes=\"auto, (max-width: 768px) 100vw, 768px\" \/><\/figure>\n\n\n\n<figure class=\"wp-block-image size-large\"><img loading=\"lazy\" decoding=\"async\" width=\"683\" height=\"1024\" data-id=\"93\" src=\"https:\/\/www.mikoflower.com\/wp-content\/uploads\/2026\/01\/IMG-20251113-WA0409-683x1024.jpg\" alt=\"\" class=\"wp-image-93\" srcset=\"https:\/\/www.mikoflower.com\/wp-content\/uploads\/2026\/01\/IMG-20251113-WA0409-683x1024.jpg 683w, https:\/\/www.mikoflower.com\/wp-content\/uploads\/2026\/01\/IMG-20251113-WA0409-416x624.jpg 416w, https:\/\/www.mikoflower.com\/wp-content\/uploads\/2026\/01\/IMG-20251113-WA0409-200x300.jpg 200w, https:\/\/www.mikoflower.com\/wp-content\/uploads\/2026\/01\/IMG-20251113-WA0409-768x1152.jpg 768w, https:\/\/www.mikoflower.com\/wp-content\/uploads\/2026\/01\/IMG-20251113-WA0409-1024x1536.jpg 1024w, https:\/\/www.mikoflower.com\/wp-content\/uploads\/2026\/01\/IMG-20251113-WA0409.jpg 1365w\" sizes=\"auto, (max-width: 683px) 100vw, 683px\" \/><\/figure>\n<\/figure>\n<\/div>\n\n\n\n<p class=\"has-text-align-center has-medium-font-size\">Ka\u017cdy bukiet to ma\u0142a historia \u2013 zapach, kolor i emocje zamkni\u0119te w kwiatach.<\/p>\n\n\n\n<div class=\"wp-block-buttons alignwide is-content-justification-center is-layout-flex wp-container-core-buttons-is-layout-a89b3969 wp-block-buttons-is-layout-flex\">\n<div class=\"wp-block-button has-custom-width wp-block-button__width-100\"><a class=\"wp-block-button__link wp-element-button\" href=\"https:\/\/www.mikoflower.com\/index.php\/kontakt\/\">Skontaktuj si\u0119 z nami i zam\u00f3w bukiet<\/a><\/div>\n<\/div>\n\n\n\n<p><\/p>\n","protected":false},"excerpt":{"rendered":"<p>Tworzymy bukiety i kompozycje kwiatowe na ka\u017cd\u0105 okazj\u0119 \u2013 od codziennych gest\u00f3w po najwa\u017cniejsze chwile w \u017cyciu. Ka\u017cde zam\u00f3wienie przygotowujemy z dba\u0142o\u015bci\u0105 o detale i \u015bwie\u017co\u015b\u0107 kwiat\u00f3w. Bukiety kwiatowe Nasze bukiety powstaj\u0105 z sezonowych, starannie dobranych kwiat\u00f3w. Tworzymy zar\u00f3wno klasyczne kompozycje, jak i nowoczesne aran\u017cacje dopasowane do okazji i bud\u017cetu. Kwiaty doniczkowe Kompozycje okazjonalne Przygotowujemy [&hellip;]<\/p>\n","protected":false},"author":1,"featured_media":0,"parent":0,"menu_order":0,"comment_status":"closed","ping_status":"closed","template":"","meta":{"footnotes":""},"class_list":["post-13","page","type-page","status-publish","hentry"],"jetpack_sharing_enabled":true,"_links":{"self":[{"href":"https:\/\/www.mikoflower.com\/index.php\/wp-json\/wp\/v2\/pages\/13","targetHints":{"allow":["GET"]}}],"collection":[{"href":"https:\/\/www.mikoflower.com\/index.php\/wp-json\/wp\/v2\/pages"}],"about":[{"href":"https:\/\/www.mikoflower.com\/index.php\/wp-json\/wp\/v2\/types\/page"}],"author":[{"embeddable":true,"href":"https:\/\/www.mikoflower.com\/index.php\/wp-json\/wp\/v2\/users\/1"}],"replies":[{"embeddable":true,"href":"https:\/\/www.mikoflower.com\/index.php\/wp-json\/wp\/v2\/comments?post=13"}],"version-history":[{"count":17,"href":"https:\/\/www.mikoflower.com\/index.php\/wp-json\/wp\/v2\/pages\/13\/revisions"}],"predecessor-version":[{"id":117,"href":"https:\/\/www.mikoflower.com\/index.php\/wp-json\/wp\/v2\/pages\/13\/revisions\/117"}],"wp:attachment":[{"href":"https:\/\/www.mikoflower.com\/index.php\/wp-json\/wp\/v2\/media?parent=13"}],"curies":[{"name":"wp","href":"https:\/\/api.w.org\/{rel}","templated":true}]}}