{"id":451,"date":"2026-04-07T15:41:31","date_gmt":"2026-04-07T15:41:31","guid":{"rendered":"https:\/\/www.mikoflower.com\/?post_type=product&#038;p=451"},"modified":"2026-04-07T18:18:05","modified_gmt":"2026-04-07T18:18:05","slug":"czerwien-ktora-mowi-wszystko","status":"publish","type":"product","link":"https:\/\/www.mikoflower.com\/index.php\/produkt\/czerwien-ktora-mowi-wszystko\/","title":{"rendered":"Czerwie\u0144, kt\u00f3ra m\u00f3wi wszystko"},"content":{"rendered":"<p>Koszt przesy\u0142ki zostanie dodany po wpisaniu kodu pocztowego w realizacji zam\u00f3wienia.<\/p>\n<p>Dost\u0119pno\u015b\u0107 : Ca\u0142y rok<\/p>\n","protected":false},"excerpt":{"rendered":"<p>Ten flowerbox to klasyczna kompozycja z czerwonych r\u00f3\u017c, kt\u00f3re od lat pozostaj\u0105 symbolem elegancji, uczu\u0107 i ponadczasowego stylu. G\u0142\u0119bok\u0105 czerwie\u0144 kwiat\u00f3w podkre\u015blaj\u0105 delikatne, drobne dodatki oraz starannie dobrana ziele\u0144, dzi\u0119ki czemu ca\u0142o\u015b\u0107 wygl\u0105da szlachetnie i harmonijnie, bez zb\u0119dnego przepychu.<\/p>\n","protected":false},"featured_media":501,"comment_status":"open","ping_status":"closed","template":"","meta":[],"product_brand":[],"product_cat":[25,27],"product_tag":[],"class_list":{"0":"post-451","1":"product","2":"type-product","3":"status-publish","4":"has-post-thumbnail","6":"product_cat-flower-boxy","7":"product_cat-kwiaty","8":"product_shipping_class-lekkie","10":"first","11":"instock","12":"shipping-taxable","13":"purchasable","14":"product-type-variable"},"jetpack_sharing_enabled":true,"_links":{"self":[{"href":"https:\/\/www.mikoflower.com\/index.php\/wp-json\/wp\/v2\/product\/451","targetHints":{"allow":["GET"]}}],"collection":[{"href":"https:\/\/www.mikoflower.com\/index.php\/wp-json\/wp\/v2\/product"}],"about":[{"href":"https:\/\/www.mikoflower.com\/index.php\/wp-json\/wp\/v2\/types\/product"}],"replies":[{"embeddable":true,"href":"https:\/\/www.mikoflower.com\/index.php\/wp-json\/wp\/v2\/comments?post=451"}],"wp:featuredmedia":[{"embeddable":true,"href":"https:\/\/www.mikoflower.com\/index.php\/wp-json\/wp\/v2\/media\/501"}],"wp:attachment":[{"href":"https:\/\/www.mikoflower.com\/index.php\/wp-json\/wp\/v2\/media?parent=451"}],"wp:term":[{"taxonomy":"product_brand","embeddable":true,"href":"https:\/\/www.mikoflower.com\/index.php\/wp-json\/wp\/v2\/product_brand?post=451"},{"taxonomy":"product_cat","embeddable":true,"href":"https:\/\/www.mikoflower.com\/index.php\/wp-json\/wp\/v2\/product_cat?post=451"},{"taxonomy":"product_tag","embeddable":true,"href":"https:\/\/www.mikoflower.com\/index.php\/wp-json\/wp\/v2\/product_tag?post=451"}],"curies":[{"name":"wp","href":"https:\/\/api.w.org\/{rel}","templated":true}]}}